{"id":3717,"date":"2026-02-11T00:09:14","date_gmt":"2026-02-10T23:09:14","guid":{"rendered":"https:\/\/www.talk-tv.at\/?page_id=3717"},"modified":"2026-02-11T00:15:07","modified_gmt":"2026-02-10T23:15:07","slug":"oesterreich-spricht","status":"publish","type":"page","link":"https:\/\/www.talk-tv.at\/index.php\/sendungen\/oesterreich-spricht\/","title":{"rendered":"\u00d6sterreich spricht"},"content":{"rendered":"<div class=\"fusion-fullwidth fullwidth-box fusion-builder-row-1 has-pattern-background has-mask-background nonhundred-percent-fullwidth non-hundred-percent-height-scrolling\" style=\"--awb-border-radius-top-left:0px;--awb-border-radius-top-right:0px;--awb-border-radius-bottom-right:0px;--awb-border-radius-bottom-left:0px;--awb-background-color:var(--awb-color1);--awb-flex-wrap:wrap;\" ><div class=\"fusion-builder-row fusion-row\"><div class=\"fusion-layout-column fusion_builder_column fusion-builder-column-0 fusion_builder_column_1_2 1_2 fusion-one-half fusion-column-first\" style=\"--awb-bg-size:cover;width:50%;width:calc(50% - ( ( 4% ) * 0.5 ) );margin-right: 4%;\"><div class=\"fusion-column-wrapper fusion-column-has-shadow fusion-flex-column-wrapper-legacy\"><div class=\"fusion-title title fusion-title-1 fusion-sep-none fusion-title-text fusion-title-size-one\"><h1 class=\"fusion-title-heading title-heading-left fusion-responsive-typography-calculated\" style=\"margin:0;--fontSize:60;line-height:1.33;\">\u00d6sterreich spricht<\/h1><\/div><div class=\"fusion-text fusion-text-1\"><h3>Emotional, kontrovers, verbindend.<\/h3>\n<\/div><div class=\"fusion-text fusion-text-2\"><p style=\"font-weight: 400;\">\u00d6sterreich spricht bringt Menschen mit unterschiedlichen Standpunkten in einen respektvollen Dialog. Was oft unausgesprochen bleibt oder trennt, kommt hier zur Sprache. Das Format schafft Raum f\u00fcr Zuh\u00f6ren, Verst\u00e4ndnis und echte Gespr\u00e4chskultur.<\/p>\n<p><a href=\"https:\/\/www.servustv.com\/aktuelles\/b\/oesterreich-spricht\/aa7khnfltzh02ehyhkhn\/\" target=\"_blank\" rel=\"noopener\">https:\/\/www.servustv.com\/aktuelles\/b\/oesterreich-spricht\/aa7khnfltzh02ehyhkhn\/<\/a><\/p>\n<p>\u00a9 ServusTV<\/p>\n<\/div><div class=\"fusion-clearfix\"><\/div><\/div><\/div><div class=\"fusion-layout-column fusion_builder_column fusion-builder-column-1 fusion_builder_column_1_2 1_2 fusion-one-half fusion-column-last\" style=\"--awb-bg-size:cover;width:50%;width:calc(50% - ( ( 4% ) * 0.5 ) );\"><div class=\"fusion-column-wrapper fusion-column-has-shadow fusion-flex-column-wrapper-legacy\"><div class=\"awb-gallery-wrapper awb-gallery-wrapper-1 button-span-no\" style=\"--more-btn-alignment:center;margin-top:20px;margin-right:20px;margin-bottom:20px;margin-left:20px;\"><div style=\"margin:-3px;--awb-bordersize:0px;\" class=\"fusion-gallery fusion-gallery-container fusion-grid-2 fusion-columns-total-6 fusion-gallery-layout-masonry fusion-gallery-1\"><div class=\"fusion-grid-column fusion-gallery-column fusion-gallery-column-2 hover-type-zoomin fusion-grid-sizer\"><\/div><div style=\"padding:3px;\" class=\"fusion-grid-column fusion-gallery-column fusion-gallery-column-2 hover-type-zoomin fusion-element-grid\"><div class=\"fusion-gallery-image\"><a href=\"https:\/\/i0.wp.com\/www.talk-tv.at\/wp-content\/uploads\/2026\/02\/Oes_Hallstatt_Master_Clean_NEU.01_10_51_03.Standbild005.jpg?fit=1920%2C1080&#038;ssl=1\" rel=\"noreferrer\" data-rel=\"iLightbox[gallery_image_1]\" class=\"fusion-lightbox\" target=\"_self\"><div style=\"background-image:url(https:\/\/i0.wp.com\/www.talk-tv.at\/wp-content\/uploads\/2026\/02\/Oes_Hallstatt_Master_Clean_NEU.01_10_51_03.Standbild005.jpg?fit=1920%2C1080&#038;ssl=1);padding-top:calc((100% + 6px) * 0.8 - 3px);background-position:;\" class=\"fusion-masonry-element-container\"><img data-recalc-dims=\"1\" decoding=\"async\" src=\"https:\/\/i0.wp.com\/www.talk-tv.at\/wp-content\/uploads\/2026\/02\/Oes_Hallstatt_Master_Clean_NEU.01_10_51_03.Standbild005.jpg?resize=1170%2C658&#038;ssl=1\" width=\"1170\" height=\"658\" alt=\"\" title=\"Oes_Hallstatt_Master_Clean_NEU.01_10_51_03.Standbild005\" aria-label=\"Oes_Hallstatt_Master_Clean_NEU.01_10_51_03.Standbild005\" class=\"img-responsive wp-image-3571\" srcset=\"https:\/\/i0.wp.com\/www.talk-tv.at\/wp-content\/uploads\/2026\/02\/Oes_Hallstatt_Master_Clean_NEU.01_10_51_03.Standbild005.jpg?resize=200%2C113&amp;ssl=1 200w, https:\/\/i0.wp.com\/www.talk-tv.at\/wp-content\/uploads\/2026\/02\/Oes_Hallstatt_Master_Clean_NEU.01_10_51_03.Standbild005.jpg?resize=300%2C169&amp;ssl=1 300w, https:\/\/i0.wp.com\/www.talk-tv.at\/wp-content\/uploads\/2026\/02\/Oes_Hallstatt_Master_Clean_NEU.01_10_51_03.Standbild005.jpg?resize=400%2C225&amp;ssl=1 400w, https:\/\/i0.wp.com\/www.talk-tv.at\/wp-content\/uploads\/2026\/02\/Oes_Hallstatt_Master_Clean_NEU.01_10_51_03.Standbild005.jpg?resize=600%2C338&amp;ssl=1 600w, https:\/\/i0.wp.com\/www.talk-tv.at\/wp-content\/uploads\/2026\/02\/Oes_Hallstatt_Master_Clean_NEU.01_10_51_03.Standbild005.jpg?resize=768%2C432&amp;ssl=1 768w, https:\/\/i0.wp.com\/www.talk-tv.at\/wp-content\/uploads\/2026\/02\/Oes_Hallstatt_Master_Clean_NEU.01_10_51_03.Standbild005.jpg?resize=800%2C450&amp;ssl=1 800w, https:\/\/i0.wp.com\/www.talk-tv.at\/wp-content\/uploads\/2026\/02\/Oes_Hallstatt_Master_Clean_NEU.01_10_51_03.Standbild005.jpg?resize=1024%2C576&amp;ssl=1 1024w, https:\/\/i0.wp.com\/www.talk-tv.at\/wp-content\/uploads\/2026\/02\/Oes_Hallstatt_Master_Clean_NEU.01_10_51_03.Standbild005.jpg?resize=1200%2C675&amp;ssl=1 1200w, https:\/\/i0.wp.com\/www.talk-tv.at\/wp-content\/uploads\/2026\/02\/Oes_Hallstatt_Master_Clean_NEU.01_10_51_03.Standbild005.jpg?resize=1536%2C864&amp;ssl=1 1536w, https:\/\/i0.wp.com\/www.talk-tv.at\/wp-content\/uploads\/2026\/02\/Oes_Hallstatt_Master_Clean_NEU.01_10_51_03.Standbild005.jpg?w=1920&amp;ssl=1 1920w\" sizes=\"(min-width: 2200px) 100vw, (min-width: 732px) 584px, (min-width: 640px) 732px, \" \/><\/div><\/a><\/div><\/div><div style=\"padding:3px;\" class=\"fusion-grid-column fusion-gallery-column fusion-gallery-column-2 hover-type-zoomin fusion-element-grid\"><div class=\"fusion-gallery-image\"><a href=\"https:\/\/i0.wp.com\/www.talk-tv.at\/wp-content\/uploads\/2026\/02\/Liebesgschichten_S28-F03_TXTD_1080i25_TV-Rec709_EBU-R128_20Mix_XDCAMHD.00_07_21_15.Standbild010.jpg?fit=1920%2C1080&#038;ssl=1\" rel=\"noreferrer\" data-rel=\"iLightbox[gallery_image_1]\" class=\"fusion-lightbox\" target=\"_self\"><div style=\"background-image:url(https:\/\/i0.wp.com\/www.talk-tv.at\/wp-content\/uploads\/2026\/02\/Liebesgschichten_S28-F03_TXTD_1080i25_TV-Rec709_EBU-R128_20Mix_XDCAMHD.00_07_21_15.Standbild010.jpg?fit=1920%2C1080&#038;ssl=1);padding-top:calc((100% + 6px) * 0.8 - 3px);background-position:;\" class=\"fusion-masonry-element-container\"><img data-recalc-dims=\"1\" decoding=\"async\" src=\"https:\/\/i0.wp.com\/www.talk-tv.at\/wp-content\/uploads\/2026\/02\/Liebesgschichten_S28-F03_TXTD_1080i25_TV-Rec709_EBU-R128_20Mix_XDCAMHD.00_07_21_15.Standbild010.jpg?resize=1170%2C658&#038;ssl=1\" width=\"1170\" height=\"658\" alt=\"\" title=\"Liebesgschichten_S28-F03_TXTD_1080i25_TV-Rec709_EBU-R128_20Mix_XDCAMHD.00_07_21_15.Standbild010\" aria-label=\"Liebesgschichten_S28-F03_TXTD_1080i25_TV-Rec709_EBU-R128_20Mix_XDCAMHD.00_07_21_15.Standbild010\" class=\"img-responsive wp-image-3569\" srcset=\"https:\/\/i0.wp.com\/www.talk-tv.at\/wp-content\/uploads\/2026\/02\/Liebesgschichten_S28-F03_TXTD_1080i25_TV-Rec709_EBU-R128_20Mix_XDCAMHD.00_07_21_15.Standbild010.jpg?resize=200%2C113&amp;ssl=1 200w, https:\/\/i0.wp.com\/www.talk-tv.at\/wp-content\/uploads\/2026\/02\/Liebesgschichten_S28-F03_TXTD_1080i25_TV-Rec709_EBU-R128_20Mix_XDCAMHD.00_07_21_15.Standbild010.jpg?resize=300%2C169&amp;ssl=1 300w, https:\/\/i0.wp.com\/www.talk-tv.at\/wp-content\/uploads\/2026\/02\/Liebesgschichten_S28-F03_TXTD_1080i25_TV-Rec709_EBU-R128_20Mix_XDCAMHD.00_07_21_15.Standbild010.jpg?resize=400%2C225&amp;ssl=1 400w, https:\/\/i0.wp.com\/www.talk-tv.at\/wp-content\/uploads\/2026\/02\/Liebesgschichten_S28-F03_TXTD_1080i25_TV-Rec709_EBU-R128_20Mix_XDCAMHD.00_07_21_15.Standbild010.jpg?resize=600%2C338&amp;ssl=1 600w, https:\/\/i0.wp.com\/www.talk-tv.at\/wp-content\/uploads\/2026\/02\/Liebesgschichten_S28-F03_TXTD_1080i25_TV-Rec709_EBU-R128_20Mix_XDCAMHD.00_07_21_15.Standbild010.jpg?resize=768%2C432&amp;ssl=1 768w, https:\/\/i0.wp.com\/www.talk-tv.at\/wp-content\/uploads\/2026\/02\/Liebesgschichten_S28-F03_TXTD_1080i25_TV-Rec709_EBU-R128_20Mix_XDCAMHD.00_07_21_15.Standbild010.jpg?resize=800%2C450&amp;ssl=1 800w, https:\/\/i0.wp.com\/www.talk-tv.at\/wp-content\/uploads\/2026\/02\/Liebesgschichten_S28-F03_TXTD_1080i25_TV-Rec709_EBU-R128_20Mix_XDCAMHD.00_07_21_15.Standbild010.jpg?resize=1024%2C576&amp;ssl=1 1024w, https:\/\/i0.wp.com\/www.talk-tv.at\/wp-content\/uploads\/2026\/02\/Liebesgschichten_S28-F03_TXTD_1080i25_TV-Rec709_EBU-R128_20Mix_XDCAMHD.00_07_21_15.Standbild010.jpg?resize=1200%2C675&amp;ssl=1 1200w, https:\/\/i0.wp.com\/www.talk-tv.at\/wp-content\/uploads\/2026\/02\/Liebesgschichten_S28-F03_TXTD_1080i25_TV-Rec709_EBU-R128_20Mix_XDCAMHD.00_07_21_15.Standbild010.jpg?resize=1536%2C864&amp;ssl=1 1536w, https:\/\/i0.wp.com\/www.talk-tv.at\/wp-content\/uploads\/2026\/02\/Liebesgschichten_S28-F03_TXTD_1080i25_TV-Rec709_EBU-R128_20Mix_XDCAMHD.00_07_21_15.Standbild010.jpg?w=1920&amp;ssl=1 1920w\" sizes=\"(min-width: 2200px) 100vw, (min-width: 732px) 584px, (min-width: 640px) 732px, \" \/><\/div><\/a><\/div><\/div><div style=\"padding:3px;\" class=\"fusion-grid-column fusion-gallery-column fusion-gallery-column-2 hover-type-zoomin fusion-element-grid\"><div class=\"fusion-gallery-image\"><a href=\"https:\/\/i0.wp.com\/www.talk-tv.at\/wp-content\/uploads\/2026\/02\/Oes_Hallstatt_Master_Clean_NEU.00_03_45_00.Standbild001.jpg?fit=1920%2C1080&#038;ssl=1\" rel=\"noreferrer\" data-rel=\"iLightbox[gallery_image_1]\" class=\"fusion-lightbox\" target=\"_self\"><div style=\"background-image:url(https:\/\/i0.wp.com\/www.talk-tv.at\/wp-content\/uploads\/2026\/02\/Oes_Hallstatt_Master_Clean_NEU.00_03_45_00.Standbild001.jpg?fit=1920%2C1080&#038;ssl=1);padding-top:calc((100% + 6px) * 0.8 - 3px);background-position:;\" class=\"fusion-masonry-element-container\"><img data-recalc-dims=\"1\" decoding=\"async\" src=\"https:\/\/i0.wp.com\/www.talk-tv.at\/wp-content\/uploads\/2026\/02\/Oes_Hallstatt_Master_Clean_NEU.00_03_45_00.Standbild001.jpg?resize=1170%2C658&#038;ssl=1\" width=\"1170\" height=\"658\" alt=\"\" title=\"Oes_Hallstatt_Master_Clean_NEU.00_03_45_00.Standbild001\" aria-label=\"Oes_Hallstatt_Master_Clean_NEU.00_03_45_00.Standbild001\" class=\"img-responsive wp-image-3568\" srcset=\"https:\/\/i0.wp.com\/www.talk-tv.at\/wp-content\/uploads\/2026\/02\/Oes_Hallstatt_Master_Clean_NEU.00_03_45_00.Standbild001.jpg?resize=200%2C113&amp;ssl=1 200w, https:\/\/i0.wp.com\/www.talk-tv.at\/wp-content\/uploads\/2026\/02\/Oes_Hallstatt_Master_Clean_NEU.00_03_45_00.Standbild001.jpg?resize=300%2C169&amp;ssl=1 300w, https:\/\/i0.wp.com\/www.talk-tv.at\/wp-content\/uploads\/2026\/02\/Oes_Hallstatt_Master_Clean_NEU.00_03_45_00.Standbild001.jpg?resize=400%2C225&amp;ssl=1 400w, https:\/\/i0.wp.com\/www.talk-tv.at\/wp-content\/uploads\/2026\/02\/Oes_Hallstatt_Master_Clean_NEU.00_03_45_00.Standbild001.jpg?resize=600%2C338&amp;ssl=1 600w, https:\/\/i0.wp.com\/www.talk-tv.at\/wp-content\/uploads\/2026\/02\/Oes_Hallstatt_Master_Clean_NEU.00_03_45_00.Standbild001.jpg?resize=768%2C432&amp;ssl=1 768w, https:\/\/i0.wp.com\/www.talk-tv.at\/wp-content\/uploads\/2026\/02\/Oes_Hallstatt_Master_Clean_NEU.00_03_45_00.Standbild001.jpg?resize=800%2C450&amp;ssl=1 800w, https:\/\/i0.wp.com\/www.talk-tv.at\/wp-content\/uploads\/2026\/02\/Oes_Hallstatt_Master_Clean_NEU.00_03_45_00.Standbild001.jpg?resize=1024%2C576&amp;ssl=1 1024w, https:\/\/i0.wp.com\/www.talk-tv.at\/wp-content\/uploads\/2026\/02\/Oes_Hallstatt_Master_Clean_NEU.00_03_45_00.Standbild001.jpg?resize=1200%2C675&amp;ssl=1 1200w, https:\/\/i0.wp.com\/www.talk-tv.at\/wp-content\/uploads\/2026\/02\/Oes_Hallstatt_Master_Clean_NEU.00_03_45_00.Standbild001.jpg?resize=1536%2C864&amp;ssl=1 1536w, https:\/\/i0.wp.com\/www.talk-tv.at\/wp-content\/uploads\/2026\/02\/Oes_Hallstatt_Master_Clean_NEU.00_03_45_00.Standbild001.jpg?w=1920&amp;ssl=1 1920w\" sizes=\"(min-width: 2200px) 100vw, (min-width: 732px) 584px, (min-width: 640px) 732px, \" \/><\/div><\/a><\/div><\/div><div style=\"padding:3px;\" class=\"fusion-grid-column fusion-gallery-column fusion-gallery-column-2 hover-type-zoomin fusion-element-grid\"><div class=\"fusion-gallery-image\"><a href=\"https:\/\/i0.wp.com\/www.talk-tv.at\/wp-content\/uploads\/2026\/02\/Oes_Hallstatt_Master_Clean_NEU.00_29_36_02.Standbild003.jpg?fit=1920%2C1080&#038;ssl=1\" rel=\"noreferrer\" data-rel=\"iLightbox[gallery_image_1]\" class=\"fusion-lightbox\" target=\"_self\"><div style=\"background-image:url(https:\/\/i0.wp.com\/www.talk-tv.at\/wp-content\/uploads\/2026\/02\/Oes_Hallstatt_Master_Clean_NEU.00_29_36_02.Standbild003.jpg?fit=1920%2C1080&#038;ssl=1);padding-top:calc((100% + 6px) * 0.8 - 3px);background-position:;\" class=\"fusion-masonry-element-container\"><img data-recalc-dims=\"1\" decoding=\"async\" src=\"https:\/\/i0.wp.com\/www.talk-tv.at\/wp-content\/uploads\/2026\/02\/Oes_Hallstatt_Master_Clean_NEU.00_29_36_02.Standbild003.jpg?resize=1170%2C658&#038;ssl=1\" width=\"1170\" height=\"658\" alt=\"\" title=\"Oes_Hallstatt_Master_Clean_NEU.00_29_36_02.Standbild003\" aria-label=\"Oes_Hallstatt_Master_Clean_NEU.00_29_36_02.Standbild003\" class=\"img-responsive wp-image-3567\" srcset=\"https:\/\/i0.wp.com\/www.talk-tv.at\/wp-content\/uploads\/2026\/02\/Oes_Hallstatt_Master_Clean_NEU.00_29_36_02.Standbild003.jpg?resize=200%2C113&amp;ssl=1 200w, https:\/\/i0.wp.com\/www.talk-tv.at\/wp-content\/uploads\/2026\/02\/Oes_Hallstatt_Master_Clean_NEU.00_29_36_02.Standbild003.jpg?resize=300%2C169&amp;ssl=1 300w, https:\/\/i0.wp.com\/www.talk-tv.at\/wp-content\/uploads\/2026\/02\/Oes_Hallstatt_Master_Clean_NEU.00_29_36_02.Standbild003.jpg?resize=400%2C225&amp;ssl=1 400w, https:\/\/i0.wp.com\/www.talk-tv.at\/wp-content\/uploads\/2026\/02\/Oes_Hallstatt_Master_Clean_NEU.00_29_36_02.Standbild003.jpg?resize=600%2C338&amp;ssl=1 600w, https:\/\/i0.wp.com\/www.talk-tv.at\/wp-content\/uploads\/2026\/02\/Oes_Hallstatt_Master_Clean_NEU.00_29_36_02.Standbild003.jpg?resize=768%2C432&amp;ssl=1 768w, https:\/\/i0.wp.com\/www.talk-tv.at\/wp-content\/uploads\/2026\/02\/Oes_Hallstatt_Master_Clean_NEU.00_29_36_02.Standbild003.jpg?resize=800%2C450&amp;ssl=1 800w, https:\/\/i0.wp.com\/www.talk-tv.at\/wp-content\/uploads\/2026\/02\/Oes_Hallstatt_Master_Clean_NEU.00_29_36_02.Standbild003.jpg?resize=1024%2C576&amp;ssl=1 1024w, https:\/\/i0.wp.com\/www.talk-tv.at\/wp-content\/uploads\/2026\/02\/Oes_Hallstatt_Master_Clean_NEU.00_29_36_02.Standbild003.jpg?resize=1200%2C675&amp;ssl=1 1200w, https:\/\/i0.wp.com\/www.talk-tv.at\/wp-content\/uploads\/2026\/02\/Oes_Hallstatt_Master_Clean_NEU.00_29_36_02.Standbild003.jpg?resize=1536%2C864&amp;ssl=1 1536w, https:\/\/i0.wp.com\/www.talk-tv.at\/wp-content\/uploads\/2026\/02\/Oes_Hallstatt_Master_Clean_NEU.00_29_36_02.Standbild003.jpg?w=1920&amp;ssl=1 1920w\" sizes=\"(min-width: 2200px) 100vw, (min-width: 732px) 584px, (min-width: 640px) 732px, \" \/><\/div><\/a><\/div><\/div><div style=\"padding:3px;\" class=\"fusion-grid-column fusion-gallery-column fusion-gallery-column-2 hover-type-zoomin fusion-element-grid\"><div class=\"fusion-gallery-image\"><a href=\"https:\/\/i0.wp.com\/www.talk-tv.at\/wp-content\/uploads\/2026\/02\/Oes_Hallstatt_Master_Clean_NEU.01_24_20_06.Standbild006.jpg?fit=1920%2C1080&#038;ssl=1\" rel=\"noreferrer\" data-rel=\"iLightbox[gallery_image_1]\" class=\"fusion-lightbox\" target=\"_self\"><div style=\"background-image:url(https:\/\/i0.wp.com\/www.talk-tv.at\/wp-content\/uploads\/2026\/02\/Oes_Hallstatt_Master_Clean_NEU.01_24_20_06.Standbild006.jpg?fit=1920%2C1080&#038;ssl=1);padding-top:calc((100% + 6px) * 0.8 - 3px);background-position:;\" class=\"fusion-masonry-element-container\"><img data-recalc-dims=\"1\" decoding=\"async\" src=\"https:\/\/i0.wp.com\/www.talk-tv.at\/wp-content\/uploads\/2026\/02\/Oes_Hallstatt_Master_Clean_NEU.01_24_20_06.Standbild006.jpg?resize=1170%2C658&#038;ssl=1\" width=\"1170\" height=\"658\" alt=\"\" title=\"Oes_Hallstatt_Master_Clean_NEU.01_24_20_06.Standbild006\" aria-label=\"Oes_Hallstatt_Master_Clean_NEU.01_24_20_06.Standbild006\" class=\"img-responsive wp-image-3566\" srcset=\"https:\/\/i0.wp.com\/www.talk-tv.at\/wp-content\/uploads\/2026\/02\/Oes_Hallstatt_Master_Clean_NEU.01_24_20_06.Standbild006.jpg?resize=200%2C113&amp;ssl=1 200w, https:\/\/i0.wp.com\/www.talk-tv.at\/wp-content\/uploads\/2026\/02\/Oes_Hallstatt_Master_Clean_NEU.01_24_20_06.Standbild006.jpg?resize=300%2C169&amp;ssl=1 300w, https:\/\/i0.wp.com\/www.talk-tv.at\/wp-content\/uploads\/2026\/02\/Oes_Hallstatt_Master_Clean_NEU.01_24_20_06.Standbild006.jpg?resize=400%2C225&amp;ssl=1 400w, https:\/\/i0.wp.com\/www.talk-tv.at\/wp-content\/uploads\/2026\/02\/Oes_Hallstatt_Master_Clean_NEU.01_24_20_06.Standbild006.jpg?resize=600%2C338&amp;ssl=1 600w, https:\/\/i0.wp.com\/www.talk-tv.at\/wp-content\/uploads\/2026\/02\/Oes_Hallstatt_Master_Clean_NEU.01_24_20_06.Standbild006.jpg?resize=768%2C432&amp;ssl=1 768w, https:\/\/i0.wp.com\/www.talk-tv.at\/wp-content\/uploads\/2026\/02\/Oes_Hallstatt_Master_Clean_NEU.01_24_20_06.Standbild006.jpg?resize=800%2C450&amp;ssl=1 800w, https:\/\/i0.wp.com\/www.talk-tv.at\/wp-content\/uploads\/2026\/02\/Oes_Hallstatt_Master_Clean_NEU.01_24_20_06.Standbild006.jpg?resize=1024%2C576&amp;ssl=1 1024w, https:\/\/i0.wp.com\/www.talk-tv.at\/wp-content\/uploads\/2026\/02\/Oes_Hallstatt_Master_Clean_NEU.01_24_20_06.Standbild006.jpg?resize=1200%2C675&amp;ssl=1 1200w, https:\/\/i0.wp.com\/www.talk-tv.at\/wp-content\/uploads\/2026\/02\/Oes_Hallstatt_Master_Clean_NEU.01_24_20_06.Standbild006.jpg?resize=1536%2C864&amp;ssl=1 1536w, https:\/\/i0.wp.com\/www.talk-tv.at\/wp-content\/uploads\/2026\/02\/Oes_Hallstatt_Master_Clean_NEU.01_24_20_06.Standbild006.jpg?w=1920&amp;ssl=1 1920w\" sizes=\"(min-width: 2200px) 100vw, (min-width: 732px) 584px, (min-width: 640px) 732px, \" \/><\/div><\/a><\/div><\/div><div style=\"padding:3px;\" class=\"fusion-grid-column fusion-gallery-column fusion-gallery-column-2 hover-type-zoomin fusion-element-grid\"><div class=\"fusion-gallery-image\"><a href=\"https:\/\/i0.wp.com\/www.talk-tv.at\/wp-content\/uploads\/2026\/02\/Liebesgschichten_S28-F03_TXTD_1080i25_TV-Rec709_EBU-R128_20Mix_XDCAMHD.00_00_14_06.Standbild009.jpg?fit=1920%2C1080&#038;ssl=1\" rel=\"noreferrer\" data-rel=\"iLightbox[gallery_image_1]\" class=\"fusion-lightbox\" target=\"_self\"><div style=\"background-image:url(https:\/\/i0.wp.com\/www.talk-tv.at\/wp-content\/uploads\/2026\/02\/Liebesgschichten_S28-F03_TXTD_1080i25_TV-Rec709_EBU-R128_20Mix_XDCAMHD.00_00_14_06.Standbild009.jpg?fit=1920%2C1080&#038;ssl=1);padding-top:calc((100% + 6px) * 0.8 - 3px);background-position:;\" class=\"fusion-masonry-element-container\"><img data-recalc-dims=\"1\" decoding=\"async\" src=\"https:\/\/i0.wp.com\/www.talk-tv.at\/wp-content\/uploads\/2026\/02\/Liebesgschichten_S28-F03_TXTD_1080i25_TV-Rec709_EBU-R128_20Mix_XDCAMHD.00_00_14_06.Standbild009.jpg?resize=1170%2C658&#038;ssl=1\" width=\"1170\" height=\"658\" alt=\"\" title=\"Liebesgschichten_S28-F03_TXTD_1080i25_TV-Rec709_EBU-R128_20Mix_XDCAMHD.00_00_14_06.Standbild009\" aria-label=\"Liebesgschichten_S28-F03_TXTD_1080i25_TV-Rec709_EBU-R128_20Mix_XDCAMHD.00_00_14_06.Standbild009\" class=\"img-responsive wp-image-3565\" srcset=\"https:\/\/i0.wp.com\/www.talk-tv.at\/wp-content\/uploads\/2026\/02\/Liebesgschichten_S28-F03_TXTD_1080i25_TV-Rec709_EBU-R128_20Mix_XDCAMHD.00_00_14_06.Standbild009.jpg?resize=200%2C113&amp;ssl=1 200w, https:\/\/i0.wp.com\/www.talk-tv.at\/wp-content\/uploads\/2026\/02\/Liebesgschichten_S28-F03_TXTD_1080i25_TV-Rec709_EBU-R128_20Mix_XDCAMHD.00_00_14_06.Standbild009.jpg?resize=300%2C169&amp;ssl=1 300w, https:\/\/i0.wp.com\/www.talk-tv.at\/wp-content\/uploads\/2026\/02\/Liebesgschichten_S28-F03_TXTD_1080i25_TV-Rec709_EBU-R128_20Mix_XDCAMHD.00_00_14_06.Standbild009.jpg?resize=400%2C225&amp;ssl=1 400w, https:\/\/i0.wp.com\/www.talk-tv.at\/wp-content\/uploads\/2026\/02\/Liebesgschichten_S28-F03_TXTD_1080i25_TV-Rec709_EBU-R128_20Mix_XDCAMHD.00_00_14_06.Standbild009.jpg?resize=600%2C338&amp;ssl=1 600w, https:\/\/i0.wp.com\/www.talk-tv.at\/wp-content\/uploads\/2026\/02\/Liebesgschichten_S28-F03_TXTD_1080i25_TV-Rec709_EBU-R128_20Mix_XDCAMHD.00_00_14_06.Standbild009.jpg?resize=768%2C432&amp;ssl=1 768w, https:\/\/i0.wp.com\/www.talk-tv.at\/wp-content\/uploads\/2026\/02\/Liebesgschichten_S28-F03_TXTD_1080i25_TV-Rec709_EBU-R128_20Mix_XDCAMHD.00_00_14_06.Standbild009.jpg?resize=800%2C450&amp;ssl=1 800w, https:\/\/i0.wp.com\/www.talk-tv.at\/wp-content\/uploads\/2026\/02\/Liebesgschichten_S28-F03_TXTD_1080i25_TV-Rec709_EBU-R128_20Mix_XDCAMHD.00_00_14_06.Standbild009.jpg?resize=1024%2C576&amp;ssl=1 1024w, https:\/\/i0.wp.com\/www.talk-tv.at\/wp-content\/uploads\/2026\/02\/Liebesgschichten_S28-F03_TXTD_1080i25_TV-Rec709_EBU-R128_20Mix_XDCAMHD.00_00_14_06.Standbild009.jpg?resize=1200%2C675&amp;ssl=1 1200w, https:\/\/i0.wp.com\/www.talk-tv.at\/wp-content\/uploads\/2026\/02\/Liebesgschichten_S28-F03_TXTD_1080i25_TV-Rec709_EBU-R128_20Mix_XDCAMHD.00_00_14_06.Standbild009.jpg?resize=1536%2C864&amp;ssl=1 1536w, https:\/\/i0.wp.com\/www.talk-tv.at\/wp-content\/uploads\/2026\/02\/Liebesgschichten_S28-F03_TXTD_1080i25_TV-Rec709_EBU-R128_20Mix_XDCAMHD.00_00_14_06.Standbild009.jpg?w=1920&amp;ssl=1 1920w\" sizes=\"(min-width: 2200px) 100vw, (min-width: 732px) 584px, (min-width: 640px) 732px, \" \/><\/div><\/a><\/div><\/div><\/div><\/div><div class=\"fusion-clearfix\"><\/div><\/div><\/div><\/div><\/div>\n","protected":false},"excerpt":{"rendered":"","protected":false},"author":1,"featured_media":0,"parent":956,"menu_order":0,"comment_status":"closed","ping_status":"closed","template":"100-width.php","meta":{"_acf_changed":false,"footnotes":""},"class_list":["post-3717","page","type-page","status-publish","hentry"],"acf":[],"jetpack_sharing_enabled":true,"_links":{"self":[{"href":"https:\/\/www.talk-tv.at\/index.php\/wp-json\/wp\/v2\/pages\/3717","targetHints":{"allow":["GET"]}}],"collection":[{"href":"https:\/\/www.talk-tv.at\/index.php\/wp-json\/wp\/v2\/pages"}],"about":[{"href":"https:\/\/www.talk-tv.at\/index.php\/wp-json\/wp\/v2\/types\/page"}],"author":[{"embeddable":true,"href":"https:\/\/www.talk-tv.at\/index.php\/wp-json\/wp\/v2\/users\/1"}],"replies":[{"embeddable":true,"href":"https:\/\/www.talk-tv.at\/index.php\/wp-json\/wp\/v2\/comments?post=3717"}],"version-history":[{"count":1,"href":"https:\/\/www.talk-tv.at\/index.php\/wp-json\/wp\/v2\/pages\/3717\/revisions"}],"predecessor-version":[{"id":3718,"href":"https:\/\/www.talk-tv.at\/index.php\/wp-json\/wp\/v2\/pages\/3717\/revisions\/3718"}],"up":[{"embeddable":true,"href":"https:\/\/www.talk-tv.at\/index.php\/wp-json\/wp\/v2\/pages\/956"}],"wp:attachment":[{"href":"https:\/\/www.talk-tv.at\/index.php\/wp-json\/wp\/v2\/media?parent=3717"}],"curies":[{"name":"wp","href":"https:\/\/api.w.org\/{rel}","templated":true}]}}