{"id":1028,"date":"2019-10-28T14:11:39","date_gmt":"2019-10-28T14:11:39","guid":{"rendered":"https:\/\/www.talk-tv.at\/?page_id=1028"},"modified":"2026-02-10T22:19:30","modified_gmt":"2026-02-10T21:19:30","slug":"natur-im-garten","status":"publish","type":"page","link":"https:\/\/www.talk-tv.at\/index.php\/sendungen\/natur-im-garten\/","title":{"rendered":"Natur im Garten"},"content":{"rendered":"<div class=\"fusion-fullwidth fullwidth-box fusion-builder-row-1 has-pattern-background has-mask-background nonhundred-percent-fullwidth non-hundred-percent-height-scrolling\" style=\"--awb-border-radius-top-left:0px;--awb-border-radius-top-right:0px;--awb-border-radius-bottom-right:0px;--awb-border-radius-bottom-left:0px;--awb-background-color:var(--awb-color1);--awb-flex-wrap:wrap;\" ><div class=\"fusion-builder-row fusion-row\"><div class=\"fusion-layout-column fusion_builder_column fusion-builder-column-0 fusion_builder_column_1_2 1_2 fusion-one-half fusion-column-first\" style=\"--awb-bg-size:cover;width:50%;width:calc(50% - ( ( 4% ) * 0.5 ) );margin-right: 4%;\"><div class=\"fusion-column-wrapper fusion-column-has-shadow fusion-flex-column-wrapper-legacy\"><div class=\"fusion-title title fusion-title-1 fusion-sep-none fusion-title-text fusion-title-size-one\"><h1 class=\"fusion-title-heading title-heading-left fusion-responsive-typography-calculated\" style=\"margin:0;--fontSize:60;line-height:1.33;\"><h2>Natur im Garten<\/h2><\/h1><\/div><div class=\"fusion-text fusion-text-1\"><h3><em>\u00d6sterreichs einmalige Naturparadiese.<\/em><\/h3>\n<\/div><div class=\"fusion-text fusion-text-2\"><p style=\"font-weight: 400;\">\u201eWissen was wirkt, und zeigen wie\u2019s geht\u201c \u2013 unter diesem Motto l\u00e4dt Karl Ploberger auf der Garten Tulln ein, die \u201cNatur im Garten\u201d zu entdecken und zu pflegen. Der Biog\u00e4rtner der Nation und ORF-Gartenexperte weckt die Leidenschaft f\u00fcrs naturnahe G\u00e4rtnern neu.<\/p>\n<p style=\"font-weight: 400;\">\u201eSchauen und Staunen\u201c ist der Leitsatz der beliebten Sendereihe. Der Blick \u00fcber den eigenen Gartenzaun zeigt, wie einfach und effektiv sich ein kleines gr\u00fcnes Eldorado erschaffen l\u00e4sst.<\/p>\n<p style=\"font-weight: 400;\">Gartln im Takt der Natur, immer mit der Absicht den Ehrgeiz f\u00fcr das G\u00e4rtnern ohne Pestizide, ohne chemisch-synthetische D\u00fcnger und ohne Torf noch mehr zu sch\u00fcren \u2013 sei es im Garten, auf dem Balkon oder auf der Terrasse. Da steigt die Lust an selbst gezogenem, frischem und unbelastetem Gem\u00fcse schon beim Zusehen.<\/p>\n<p><a href=\"http:\/\/www.naturimgarten.at\/orf-shows\" target=\"_blank\" rel=\"noopener noreferrer\">http:\/\/www.naturimgarten.at\/orf-shows<\/a><\/p>\n<p>Fotos \u00a9 ORF<\/p>\n<\/div><div class=\"fusion-clearfix\"><\/div><\/div><\/div><div class=\"fusion-layout-column fusion_builder_column fusion-builder-column-1 fusion_builder_column_1_2 1_2 fusion-one-half fusion-column-last\" style=\"--awb-bg-size:cover;width:50%;width:calc(50% - ( ( 4% ) * 0.5 ) );\"><div class=\"fusion-column-wrapper fusion-column-has-shadow fusion-flex-column-wrapper-legacy\"><div class=\"awb-gallery-wrapper awb-gallery-wrapper-1 button-span-no\" style=\"--more-btn-alignment:center;margin-top:20px;margin-right:20px;margin-bottom:20px;margin-left:20px;\"><div style=\"margin:-3px;--awb-bordersize:0px;\" class=\"fusion-gallery fusion-gallery-container fusion-grid-2 fusion-columns-total-6 fusion-gallery-layout-masonry fusion-gallery-1\"><div class=\"fusion-grid-column fusion-gallery-column fusion-gallery-column-2 hover-type-zoomin fusion-grid-sizer\"><\/div><div style=\"padding:3px;\" class=\"fusion-grid-column fusion-gallery-column fusion-gallery-column-2 hover-type-zoomin fusion-element-grid\"><div class=\"fusion-gallery-image\"><a href=\"https:\/\/i0.wp.com\/www.talk-tv.at\/wp-content\/uploads\/2024\/01\/NiG-Uschi10.jpg?fit=1920%2C1080&#038;ssl=1\" rel=\"noreferrer\" data-rel=\"iLightbox[gallery_image_1]\" class=\"fusion-lightbox\" target=\"_self\"><div style=\"background-image:url(https:\/\/i0.wp.com\/www.talk-tv.at\/wp-content\/uploads\/2024\/01\/NiG-Uschi10.jpg?fit=1920%2C1080&#038;ssl=1);padding-top:calc((100% + 6px) * 0.8 - 3px);background-position:;\" class=\"fusion-masonry-element-container\"><img data-recalc-dims=\"1\" decoding=\"async\" src=\"https:\/\/i0.wp.com\/www.talk-tv.at\/wp-content\/uploads\/2024\/01\/NiG-Uschi10.jpg?resize=1170%2C658&#038;ssl=1\" width=\"1170\" height=\"658\" alt=\"\" title=\"NiG-Uschi10\" aria-label=\"NiG-Uschi10\" class=\"img-responsive wp-image-3198\" srcset=\"https:\/\/i0.wp.com\/www.talk-tv.at\/wp-content\/uploads\/2024\/01\/NiG-Uschi10.jpg?resize=200%2C113&amp;ssl=1 200w, https:\/\/i0.wp.com\/www.talk-tv.at\/wp-content\/uploads\/2024\/01\/NiG-Uschi10.jpg?resize=300%2C169&amp;ssl=1 300w, https:\/\/i0.wp.com\/www.talk-tv.at\/wp-content\/uploads\/2024\/01\/NiG-Uschi10.jpg?resize=400%2C225&amp;ssl=1 400w, https:\/\/i0.wp.com\/www.talk-tv.at\/wp-content\/uploads\/2024\/01\/NiG-Uschi10.jpg?resize=600%2C338&amp;ssl=1 600w, https:\/\/i0.wp.com\/www.talk-tv.at\/wp-content\/uploads\/2024\/01\/NiG-Uschi10.jpg?resize=768%2C432&amp;ssl=1 768w, https:\/\/i0.wp.com\/www.talk-tv.at\/wp-content\/uploads\/2024\/01\/NiG-Uschi10.jpg?resize=800%2C450&amp;ssl=1 800w, https:\/\/i0.wp.com\/www.talk-tv.at\/wp-content\/uploads\/2024\/01\/NiG-Uschi10.jpg?resize=1024%2C576&amp;ssl=1 1024w, https:\/\/i0.wp.com\/www.talk-tv.at\/wp-content\/uploads\/2024\/01\/NiG-Uschi10.jpg?resize=1200%2C675&amp;ssl=1 1200w, https:\/\/i0.wp.com\/www.talk-tv.at\/wp-content\/uploads\/2024\/01\/NiG-Uschi10.jpg?resize=1536%2C864&amp;ssl=1 1536w, https:\/\/i0.wp.com\/www.talk-tv.at\/wp-content\/uploads\/2024\/01\/NiG-Uschi10.jpg?w=1920&amp;ssl=1 1920w\" sizes=\"(min-width: 2200px) 100vw, (min-width: 732px) 584px, (min-width: 640px) 732px, \" \/><\/div><\/a><\/div><\/div><div style=\"padding:3px;\" class=\"fusion-grid-column fusion-gallery-column fusion-gallery-column-2 hover-type-zoomin fusion-element-grid\"><div class=\"fusion-gallery-image\"><a href=\"https:\/\/i0.wp.com\/www.talk-tv.at\/wp-content\/uploads\/2024\/01\/NiG-KarlmitBlume.jpg?fit=1920%2C1080&#038;ssl=1\" rel=\"noreferrer\" data-rel=\"iLightbox[gallery_image_1]\" class=\"fusion-lightbox\" target=\"_self\"><div style=\"background-image:url(https:\/\/i0.wp.com\/www.talk-tv.at\/wp-content\/uploads\/2024\/01\/NiG-KarlmitBlume.jpg?fit=1920%2C1080&#038;ssl=1);padding-top:calc((100% + 6px) * 0.8 - 3px);background-position:;\" class=\"fusion-masonry-element-container\"><img data-recalc-dims=\"1\" decoding=\"async\" src=\"https:\/\/i0.wp.com\/www.talk-tv.at\/wp-content\/uploads\/2024\/01\/NiG-KarlmitBlume.jpg?resize=1170%2C658&#038;ssl=1\" width=\"1170\" height=\"658\" alt=\"\" title=\"NiG-KarlmitBlume\" aria-label=\"NiG-KarlmitBlume\" class=\"img-responsive wp-image-3197\" srcset=\"https:\/\/i0.wp.com\/www.talk-tv.at\/wp-content\/uploads\/2024\/01\/NiG-KarlmitBlume.jpg?resize=200%2C113&amp;ssl=1 200w, https:\/\/i0.wp.com\/www.talk-tv.at\/wp-content\/uploads\/2024\/01\/NiG-KarlmitBlume.jpg?resize=300%2C169&amp;ssl=1 300w, https:\/\/i0.wp.com\/www.talk-tv.at\/wp-content\/uploads\/2024\/01\/NiG-KarlmitBlume.jpg?resize=400%2C225&amp;ssl=1 400w, https:\/\/i0.wp.com\/www.talk-tv.at\/wp-content\/uploads\/2024\/01\/NiG-KarlmitBlume.jpg?resize=600%2C338&amp;ssl=1 600w, https:\/\/i0.wp.com\/www.talk-tv.at\/wp-content\/uploads\/2024\/01\/NiG-KarlmitBlume.jpg?resize=768%2C432&amp;ssl=1 768w, https:\/\/i0.wp.com\/www.talk-tv.at\/wp-content\/uploads\/2024\/01\/NiG-KarlmitBlume.jpg?resize=800%2C450&amp;ssl=1 800w, https:\/\/i0.wp.com\/www.talk-tv.at\/wp-content\/uploads\/2024\/01\/NiG-KarlmitBlume.jpg?resize=1024%2C576&amp;ssl=1 1024w, https:\/\/i0.wp.com\/www.talk-tv.at\/wp-content\/uploads\/2024\/01\/NiG-KarlmitBlume.jpg?resize=1200%2C675&amp;ssl=1 1200w, https:\/\/i0.wp.com\/www.talk-tv.at\/wp-content\/uploads\/2024\/01\/NiG-KarlmitBlume.jpg?resize=1536%2C864&amp;ssl=1 1536w, https:\/\/i0.wp.com\/www.talk-tv.at\/wp-content\/uploads\/2024\/01\/NiG-KarlmitBlume.jpg?w=1920&amp;ssl=1 1920w\" sizes=\"(min-width: 2200px) 100vw, (min-width: 732px) 584px, (min-width: 640px) 732px, \" \/><\/div><\/a><\/div><\/div><div style=\"padding:3px;\" class=\"fusion-grid-column fusion-gallery-column fusion-gallery-column-2 hover-type-zoomin fusion-element-grid\"><div class=\"fusion-gallery-image\"><a href=\"https:\/\/i0.wp.com\/www.talk-tv.at\/wp-content\/uploads\/2024\/01\/NiG-Karl19.jpg?fit=1920%2C1080&#038;ssl=1\" rel=\"noreferrer\" data-rel=\"iLightbox[gallery_image_1]\" class=\"fusion-lightbox\" target=\"_self\"><div style=\"background-image:url(https:\/\/i0.wp.com\/www.talk-tv.at\/wp-content\/uploads\/2024\/01\/NiG-Karl19.jpg?fit=1920%2C1080&#038;ssl=1);padding-top:calc((100% + 6px) * 0.8 - 3px);background-position:;\" class=\"fusion-masonry-element-container\"><img data-recalc-dims=\"1\" decoding=\"async\" src=\"https:\/\/i0.wp.com\/www.talk-tv.at\/wp-content\/uploads\/2024\/01\/NiG-Karl19.jpg?resize=1170%2C658&#038;ssl=1\" width=\"1170\" height=\"658\" alt=\"\" title=\"NiG-Karl19\" aria-label=\"NiG-Karl19\" class=\"img-responsive wp-image-3196\" srcset=\"https:\/\/i0.wp.com\/www.talk-tv.at\/wp-content\/uploads\/2024\/01\/NiG-Karl19.jpg?resize=200%2C113&amp;ssl=1 200w, https:\/\/i0.wp.com\/www.talk-tv.at\/wp-content\/uploads\/2024\/01\/NiG-Karl19.jpg?resize=300%2C169&amp;ssl=1 300w, https:\/\/i0.wp.com\/www.talk-tv.at\/wp-content\/uploads\/2024\/01\/NiG-Karl19.jpg?resize=400%2C225&amp;ssl=1 400w, https:\/\/i0.wp.com\/www.talk-tv.at\/wp-content\/uploads\/2024\/01\/NiG-Karl19.jpg?resize=600%2C338&amp;ssl=1 600w, https:\/\/i0.wp.com\/www.talk-tv.at\/wp-content\/uploads\/2024\/01\/NiG-Karl19.jpg?resize=768%2C432&amp;ssl=1 768w, https:\/\/i0.wp.com\/www.talk-tv.at\/wp-content\/uploads\/2024\/01\/NiG-Karl19.jpg?resize=800%2C450&amp;ssl=1 800w, https:\/\/i0.wp.com\/www.talk-tv.at\/wp-content\/uploads\/2024\/01\/NiG-Karl19.jpg?resize=1024%2C576&amp;ssl=1 1024w, https:\/\/i0.wp.com\/www.talk-tv.at\/wp-content\/uploads\/2024\/01\/NiG-Karl19.jpg?resize=1200%2C675&amp;ssl=1 1200w, https:\/\/i0.wp.com\/www.talk-tv.at\/wp-content\/uploads\/2024\/01\/NiG-Karl19.jpg?resize=1536%2C864&amp;ssl=1 1536w, https:\/\/i0.wp.com\/www.talk-tv.at\/wp-content\/uploads\/2024\/01\/NiG-Karl19.jpg?w=1920&amp;ssl=1 1920w\" sizes=\"(min-width: 2200px) 100vw, (min-width: 732px) 584px, (min-width: 640px) 732px, \" \/><\/div><\/a><\/div><\/div><div style=\"padding:3px;\" class=\"fusion-grid-column fusion-gallery-column fusion-gallery-column-2 hover-type-zoomin fusion-element-grid\"><div class=\"fusion-gallery-image\"><a href=\"https:\/\/i0.wp.com\/www.talk-tv.at\/wp-content\/uploads\/2024\/01\/NiG-Garten02.jpg?fit=1920%2C1080&#038;ssl=1\" rel=\"noreferrer\" data-rel=\"iLightbox[gallery_image_1]\" class=\"fusion-lightbox\" target=\"_self\"><div style=\"background-image:url(https:\/\/i0.wp.com\/www.talk-tv.at\/wp-content\/uploads\/2024\/01\/NiG-Garten02.jpg?fit=1920%2C1080&#038;ssl=1);padding-top:calc((100% + 6px) * 0.8 - 3px);background-position:;\" class=\"fusion-masonry-element-container\"><img data-recalc-dims=\"1\" decoding=\"async\" src=\"https:\/\/i0.wp.com\/www.talk-tv.at\/wp-content\/uploads\/2024\/01\/NiG-Garten02.jpg?resize=1170%2C658&#038;ssl=1\" width=\"1170\" height=\"658\" alt=\"\" title=\"NiG-Garten02\" aria-label=\"NiG-Garten02\" class=\"img-responsive wp-image-3195\" srcset=\"https:\/\/i0.wp.com\/www.talk-tv.at\/wp-content\/uploads\/2024\/01\/NiG-Garten02.jpg?resize=200%2C113&amp;ssl=1 200w, https:\/\/i0.wp.com\/www.talk-tv.at\/wp-content\/uploads\/2024\/01\/NiG-Garten02.jpg?resize=300%2C169&amp;ssl=1 300w, https:\/\/i0.wp.com\/www.talk-tv.at\/wp-content\/uploads\/2024\/01\/NiG-Garten02.jpg?resize=400%2C225&amp;ssl=1 400w, https:\/\/i0.wp.com\/www.talk-tv.at\/wp-content\/uploads\/2024\/01\/NiG-Garten02.jpg?resize=600%2C338&amp;ssl=1 600w, https:\/\/i0.wp.com\/www.talk-tv.at\/wp-content\/uploads\/2024\/01\/NiG-Garten02.jpg?resize=768%2C432&amp;ssl=1 768w, https:\/\/i0.wp.com\/www.talk-tv.at\/wp-content\/uploads\/2024\/01\/NiG-Garten02.jpg?resize=800%2C450&amp;ssl=1 800w, https:\/\/i0.wp.com\/www.talk-tv.at\/wp-content\/uploads\/2024\/01\/NiG-Garten02.jpg?resize=1024%2C576&amp;ssl=1 1024w, https:\/\/i0.wp.com\/www.talk-tv.at\/wp-content\/uploads\/2024\/01\/NiG-Garten02.jpg?resize=1200%2C675&amp;ssl=1 1200w, https:\/\/i0.wp.com\/www.talk-tv.at\/wp-content\/uploads\/2024\/01\/NiG-Garten02.jpg?resize=1536%2C864&amp;ssl=1 1536w, https:\/\/i0.wp.com\/www.talk-tv.at\/wp-content\/uploads\/2024\/01\/NiG-Garten02.jpg?w=1920&amp;ssl=1 1920w\" sizes=\"(min-width: 2200px) 100vw, (min-width: 732px) 584px, (min-width: 640px) 732px, \" \/><\/div><\/a><\/div><\/div><div style=\"padding:3px;\" class=\"fusion-grid-column fusion-gallery-column fusion-gallery-column-2 hover-type-zoomin fusion-element-grid\"><div class=\"fusion-gallery-image\"><a href=\"https:\/\/i0.wp.com\/www.talk-tv.at\/wp-content\/uploads\/2024\/01\/NiG-Farbenpracht8.jpg?fit=1920%2C1080&#038;ssl=1\" rel=\"noreferrer\" data-rel=\"iLightbox[gallery_image_1]\" class=\"fusion-lightbox\" target=\"_self\"><div style=\"background-image:url(https:\/\/i0.wp.com\/www.talk-tv.at\/wp-content\/uploads\/2024\/01\/NiG-Farbenpracht8.jpg?fit=1920%2C1080&#038;ssl=1);padding-top:calc((100% + 6px) * 0.8 - 3px);background-position:;\" class=\"fusion-masonry-element-container\"><img data-recalc-dims=\"1\" decoding=\"async\" src=\"https:\/\/i0.wp.com\/www.talk-tv.at\/wp-content\/uploads\/2024\/01\/NiG-Farbenpracht8.jpg?resize=1170%2C658&#038;ssl=1\" width=\"1170\" height=\"658\" alt=\"\" title=\"NiG-Farbenpracht8\" aria-label=\"NiG-Farbenpracht8\" class=\"img-responsive wp-image-3194\" srcset=\"https:\/\/i0.wp.com\/www.talk-tv.at\/wp-content\/uploads\/2024\/01\/NiG-Farbenpracht8.jpg?resize=200%2C113&amp;ssl=1 200w, https:\/\/i0.wp.com\/www.talk-tv.at\/wp-content\/uploads\/2024\/01\/NiG-Farbenpracht8.jpg?resize=300%2C169&amp;ssl=1 300w, https:\/\/i0.wp.com\/www.talk-tv.at\/wp-content\/uploads\/2024\/01\/NiG-Farbenpracht8.jpg?resize=400%2C225&amp;ssl=1 400w, https:\/\/i0.wp.com\/www.talk-tv.at\/wp-content\/uploads\/2024\/01\/NiG-Farbenpracht8.jpg?resize=600%2C338&amp;ssl=1 600w, https:\/\/i0.wp.com\/www.talk-tv.at\/wp-content\/uploads\/2024\/01\/NiG-Farbenpracht8.jpg?resize=768%2C432&amp;ssl=1 768w, https:\/\/i0.wp.com\/www.talk-tv.at\/wp-content\/uploads\/2024\/01\/NiG-Farbenpracht8.jpg?resize=800%2C450&amp;ssl=1 800w, https:\/\/i0.wp.com\/www.talk-tv.at\/wp-content\/uploads\/2024\/01\/NiG-Farbenpracht8.jpg?resize=1024%2C576&amp;ssl=1 1024w, https:\/\/i0.wp.com\/www.talk-tv.at\/wp-content\/uploads\/2024\/01\/NiG-Farbenpracht8.jpg?resize=1200%2C675&amp;ssl=1 1200w, https:\/\/i0.wp.com\/www.talk-tv.at\/wp-content\/uploads\/2024\/01\/NiG-Farbenpracht8.jpg?resize=1536%2C864&amp;ssl=1 1536w, https:\/\/i0.wp.com\/www.talk-tv.at\/wp-content\/uploads\/2024\/01\/NiG-Farbenpracht8.jpg?w=1920&amp;ssl=1 1920w\" sizes=\"(min-width: 2200px) 100vw, (min-width: 732px) 584px, (min-width: 640px) 732px, \" \/><\/div><\/a><\/div><\/div><div style=\"padding:3px;\" class=\"fusion-grid-column fusion-gallery-column fusion-gallery-column-2 hover-type-zoomin fusion-element-grid\"><div class=\"fusion-gallery-image\"><a href=\"https:\/\/i0.wp.com\/www.talk-tv.at\/wp-content\/uploads\/2024\/01\/NiG_Karl03.jpg?fit=1920%2C1080&#038;ssl=1\" rel=\"noreferrer\" data-rel=\"iLightbox[gallery_image_1]\" class=\"fusion-lightbox\" target=\"_self\"><div style=\"background-image:url(https:\/\/i0.wp.com\/www.talk-tv.at\/wp-content\/uploads\/2024\/01\/NiG_Karl03.jpg?fit=1920%2C1080&#038;ssl=1);padding-top:calc((100% + 6px) * 0.8 - 3px);background-position:;\" class=\"fusion-masonry-element-container\"><img data-recalc-dims=\"1\" decoding=\"async\" src=\"https:\/\/i0.wp.com\/www.talk-tv.at\/wp-content\/uploads\/2024\/01\/NiG_Karl03.jpg?resize=1170%2C658&#038;ssl=1\" width=\"1170\" height=\"658\" alt=\"\" title=\"NiG_Karl03\" aria-label=\"NiG_Karl03\" class=\"img-responsive wp-image-3193\" srcset=\"https:\/\/i0.wp.com\/www.talk-tv.at\/wp-content\/uploads\/2024\/01\/NiG_Karl03.jpg?resize=200%2C113&amp;ssl=1 200w, https:\/\/i0.wp.com\/www.talk-tv.at\/wp-content\/uploads\/2024\/01\/NiG_Karl03.jpg?resize=300%2C169&amp;ssl=1 300w, https:\/\/i0.wp.com\/www.talk-tv.at\/wp-content\/uploads\/2024\/01\/NiG_Karl03.jpg?resize=400%2C225&amp;ssl=1 400w, https:\/\/i0.wp.com\/www.talk-tv.at\/wp-content\/uploads\/2024\/01\/NiG_Karl03.jpg?resize=600%2C338&amp;ssl=1 600w, https:\/\/i0.wp.com\/www.talk-tv.at\/wp-content\/uploads\/2024\/01\/NiG_Karl03.jpg?resize=768%2C432&amp;ssl=1 768w, https:\/\/i0.wp.com\/www.talk-tv.at\/wp-content\/uploads\/2024\/01\/NiG_Karl03.jpg?resize=800%2C450&amp;ssl=1 800w, https:\/\/i0.wp.com\/www.talk-tv.at\/wp-content\/uploads\/2024\/01\/NiG_Karl03.jpg?resize=1024%2C576&amp;ssl=1 1024w, https:\/\/i0.wp.com\/www.talk-tv.at\/wp-content\/uploads\/2024\/01\/NiG_Karl03.jpg?resize=1200%2C675&amp;ssl=1 1200w, https:\/\/i0.wp.com\/www.talk-tv.at\/wp-content\/uploads\/2024\/01\/NiG_Karl03.jpg?resize=1536%2C864&amp;ssl=1 1536w, https:\/\/i0.wp.com\/www.talk-tv.at\/wp-content\/uploads\/2024\/01\/NiG_Karl03.jpg?w=1920&amp;ssl=1 1920w\" sizes=\"(min-width: 2200px) 100vw, (min-width: 732px) 584px, (min-width: 640px) 732px, \" \/><\/div><\/a><\/div><\/div><\/div><\/div><div class=\"fusion-clearfix\"><\/div><\/div><\/div><div class=\"fusion-layout-column fusion_builder_column fusion-builder-column-2 fusion_builder_column_1_1 1_1 fusion-one-full fusion-column-first fusion-column-last\" style=\"--awb-bg-size:cover;\"><div class=\"fusion-column-wrapper fusion-column-has-shadow fusion-flex-column-wrapper-legacy\"><div class=\"fusion-image-element in-legacy-container\" style=\"--awb-caption-title-font-family:var(--h2_typography-font-family);--awb-caption-title-font-weight:var(--h2_typography-font-weight);--awb-caption-title-font-style:var(--h2_typography-font-style);--awb-caption-title-size:var(--h2_typography-font-size);--awb-caption-title-transform:var(--h2_typography-text-transform);--awb-caption-title-line-height:var(--h2_typography-line-height);--awb-caption-title-letter-spacing:var(--h2_typography-letter-spacing);\"><span class=\" fusion-imageframe imageframe-none imageframe-1 hover-type-none\"><img data-recalc-dims=\"1\" decoding=\"async\" width=\"1170\" height=\"658\" title=\"NiG-Karl19\" src=\"https:\/\/i0.wp.com\/www.talk-tv.at\/wp-content\/uploads\/2024\/01\/NiG-Karl19.jpg?resize=1170%2C658&#038;ssl=1\" alt class=\"img-responsive wp-image-3196\" srcset=\"https:\/\/i0.wp.com\/www.talk-tv.at\/wp-content\/uploads\/2024\/01\/NiG-Karl19.jpg?resize=200%2C113&amp;ssl=1 200w, https:\/\/i0.wp.com\/www.talk-tv.at\/wp-content\/uploads\/2024\/01\/NiG-Karl19.jpg?resize=300%2C169&amp;ssl=1 300w, https:\/\/i0.wp.com\/www.talk-tv.at\/wp-content\/uploads\/2024\/01\/NiG-Karl19.jpg?resize=400%2C225&amp;ssl=1 400w, https:\/\/i0.wp.com\/www.talk-tv.at\/wp-content\/uploads\/2024\/01\/NiG-Karl19.jpg?resize=600%2C338&amp;ssl=1 600w, https:\/\/i0.wp.com\/www.talk-tv.at\/wp-content\/uploads\/2024\/01\/NiG-Karl19.jpg?resize=768%2C432&amp;ssl=1 768w, https:\/\/i0.wp.com\/www.talk-tv.at\/wp-content\/uploads\/2024\/01\/NiG-Karl19.jpg?resize=800%2C450&amp;ssl=1 800w, https:\/\/i0.wp.com\/www.talk-tv.at\/wp-content\/uploads\/2024\/01\/NiG-Karl19.jpg?resize=1024%2C576&amp;ssl=1 1024w, https:\/\/i0.wp.com\/www.talk-tv.at\/wp-content\/uploads\/2024\/01\/NiG-Karl19.jpg?resize=1200%2C675&amp;ssl=1 1200w, https:\/\/i0.wp.com\/www.talk-tv.at\/wp-content\/uploads\/2024\/01\/NiG-Karl19.jpg?resize=1536%2C864&amp;ssl=1 1536w, https:\/\/i0.wp.com\/www.talk-tv.at\/wp-content\/uploads\/2024\/01\/NiG-Karl19.jpg?w=1920&amp;ssl=1 1920w\" sizes=\"(max-width: 800px) 100vw, 1200px\" \/><\/span><\/div><div class=\"fusion-clearfix\"><\/div><\/div><\/div><\/div><\/div>\n","protected":false},"excerpt":{"rendered":"","protected":false},"author":1,"featured_media":0,"parent":956,"menu_order":0,"comment_status":"closed","ping_status":"closed","template":"100-width.php","meta":{"_acf_changed":false,"footnotes":""},"class_list":["post-1028","page","type-page","status-publish","hentry"],"acf":[],"jetpack_sharing_enabled":true,"_links":{"self":[{"href":"https:\/\/www.talk-tv.at\/index.php\/wp-json\/wp\/v2\/pages\/1028","targetHints":{"allow":["GET"]}}],"collection":[{"href":"https:\/\/www.talk-tv.at\/index.php\/wp-json\/wp\/v2\/pages"}],"about":[{"href":"https:\/\/www.talk-tv.at\/index.php\/wp-json\/wp\/v2\/types\/page"}],"author":[{"embeddable":true,"href":"https:\/\/www.talk-tv.at\/index.php\/wp-json\/wp\/v2\/users\/1"}],"replies":[{"embeddable":true,"href":"https:\/\/www.talk-tv.at\/index.php\/wp-json\/wp\/v2\/comments?post=1028"}],"version-history":[{"count":16,"href":"https:\/\/www.talk-tv.at\/index.php\/wp-json\/wp\/v2\/pages\/1028\/revisions"}],"predecessor-version":[{"id":3676,"href":"https:\/\/www.talk-tv.at\/index.php\/wp-json\/wp\/v2\/pages\/1028\/revisions\/3676"}],"up":[{"embeddable":true,"href":"https:\/\/www.talk-tv.at\/index.php\/wp-json\/wp\/v2\/pages\/956"}],"wp:attachment":[{"href":"https:\/\/www.talk-tv.at\/index.php\/wp-json\/wp\/v2\/media?parent=1028"}],"curies":[{"name":"wp","href":"https:\/\/api.w.org\/{rel}","templated":true}]}}